se -4*x + u = -115, 0 = -2*x + 3*u + 53 - 8. Let b = x - 12. Calculate the highest common factor of b and 144.
18
Suppose 5*o + 0*o = -15. Let j(r) = -3*r + 3. Let n be j(o). Calculate the highest common divisor of 8 and n.
4
Let h = 28 + -16. Let a = 1 + 131. What is the greatest common divisor of a and h?
12
Let d be (-4)/(48/18)*(-740)/6. Calculate the highest common factor of d and 37.
37
Let u(f) = -f**3 + 4*f**2 - 4. Let p be u(3). Suppose 0*d - 5*r = -4*d + 559, d - p*r = 151. What is the greatest common divisor of 17 and d?
17
Suppose 0*w - 5*w + 15 = 0. Let s be (4/w)/(22/99). Calculate the highest common factor of s and 6.
6
Suppose -2*z + 2*r + 80 = 6*r, -z - 3*r = -40. Calculate the greatest common factor of z and 16.
8
Let l = 30 - 26. Calculate the highest common divisor of 16 and l.
4
Suppose 4*q + 8 = -5*z, 0 = 3*q - 4*q - 2*z - 5. What is the greatest common factor of 12 and q?
3
Let p(b) = 6*b**2 - b - 1. Let x be p(-3). Let i be (-2)/11 - (540/(-66) - 0). Calculate the greatest common factor of i and x.
8
Suppose -k + 21 = 4*n, -2*k + 0 = n - 7. What is the highest common divisor of k and 1?
1
Let p(i) = i**2 + 4*i + 11. Let u be p(7). What is the highest common factor of 11 and u?
11
Suppose 176 = -4*k + 12*k. Calculate the greatest common divisor of 77 and k.
11
Let d be 112/6 + (-4)/6. Suppose 1859 + 517 = 12*w. Calculate the greatest common factor of w and d.
18
Let j = 17 - 7. Let x(u) = 3*u**2 + 2*u - 1. Let v be x(1). What is the greatest common factor of v and j?
2
Let a(o) = -27*o - 1. Let h be 1/(2/4*-2). Let w be a(h). Calculate the greatest common divisor of 65 and w.
13
Let j(v) = v**3 - 9*v**2 - 9*v - 4. Let c be j(10). Calculate the greatest common factor of c and 3.
3
Let o be ((0 + 3)*45)/1. Let w be -47 + (-4 + -5)/(-3). Let d = w - -59. What is the highest common divisor of d and o?
15
Let k be (-40)/(-6)*(-9)/6. Let l be (6/(-15))/(2/k). Let h be l/(3 - -1)*8. What is the greatest common divisor of h and 12?
4
Let m be ((-56)/(-21))/((-1)/(-15)). Suppose -5*y + 40 + 10 = 5*d, -4*d + y = -m. Let c be 20/(-6)*(-3 + -18). Calculate the highest common factor of c and d.
10
Let b = 1406 + -786. Let y be ((-6)/5)/((-8)/b). Suppose 0 = -5*m + y + 7. What is the greatest common divisor of m and 10?
10
Suppose -4*r - 144 = -7*r. What is the highest common factor of r and 8?
8
Let q be 170/1 + 8/(-4). Let b = q - 60. Calculate the greatest common factor of 27 and b.
27
Suppose 5*g = 3*y - 113, -2*y - 6*g + 67 = -g. What is the highest common divisor of 90 and y?
18
Suppose 4*n - 5*u = 80, -5*n - u + 83 = -3*u. Calculate the highest common divisor of 60 and n.
15
Let j(m) = 2*m**2 + 8*m + 4. Let v be j(-5). Let n = v - -7. Suppose -h = -3*p + 4*h - 4, 3 = -p + 2*h. Calculate the highest common divisor of n and p.
7
Let c be -2 - (-1 + -3)*1. Let o = -24 - -25. What is the greatest common factor of c and o?
1
Let q = 0 - -2. Let x be (-172)/(-22) - q/(-11). Calculate the greatest common divisor of 64 and x.
8
Suppose 0 = 2*b - 0*b - 26. Calculate the greatest common divisor of b and 39.
13
Suppose -16 = -4*d + 4*h - 4, -d + 23 = 4*h. Calculate the greatest common factor of d and 28.
7
Let s(q) = q**2 - 7*q - 5. Let w be s(6). Let u = w - -15. Let y(z) = -z**3 + 6*z**2 - 6*z + 3. Let d be y(u). What is the highest common divisor of d and 1?
1
Suppose -2*g + 135 = 3*g. Calculate the highest common factor of 18 and g.
9
Suppose 4320 = 8*y + 12*y. Calculate the greatest common divisor of y and 24.
24
Let r = 16 - 15. What is the greatest common factor of r and 7?
1
Let n = 40 + -27. Suppose 4*u + 1 = -5*a + n, 5*u - 20 = -5*a. What is the highest common divisor of u and 1?
1
Suppose 3*d - 185 - 181 = -3*m, d - 104 = 5*m. What is the greatest common factor of 17 and d?
17
Let x be 19/7 + (-8)/(-28). Suppose 0 = x*f - 27 - 18. Calculate the highest common divisor of 6 and f.
3
Let c = 19 - 5. Let t be (3*-4)/((-3)/c). Calculate the greatest common factor of 8 and t.
8
Suppose 3*j - j = 48. Let f = -4 - -1. Let d be f*1 + (17 - -2). What is the greatest common divisor of j and d?
8
Suppose -2*c = -9 - 1. Suppose 3*u + s = 26, 0 = -0*u - 2*u - 3*s + 8. What is the greatest common divisor of c and u?
5
Let y(u) = -u + 6*u**2 - 6 + u**3 - 1 + 5. Let c be y(-6). What is the highest common factor of c and 32?
4
Let x = -12 - -19. Let b = -41 - -97. Calculate the greatest common factor of b and x.
7
Suppose 0 = 5*n - 23 - 12. Suppose o + 3 = 5*j, n = -j + 4*o - 0. What is the highest common factor of 7 and j?
1
Let j be 11/((-11)/2)*-5. Let g be (6/9)/(1/75). What is the greatest common factor of j and g?
10
Suppose -2*h + 10 = 3*h. Suppose 3*s = -b + 14, h*s + 5*b + 8 = -0*s. Let v be (-8)/12*36/(-8). Calculate the greatest common divisor of v and s.
3
Suppose 0 = 4*k, -8*i = -4*i - 2*k - 40. Let s be (24/15)/(4/510). Suppose -4*x + s = 2*w, -x = -4*w + x + 448. What is the greatest common divisor of w and i?
10
Suppose 0 = b - h - 8, 6*b - 36 = 2*b + 5*h. Calculate the greatest common factor of 8 and b.
4
Let o be 88/(-3)*2/(8/(-12)). What is the greatest common divisor of 8 and o?
8
Let k = 98 - 69. Let x = -15 + k. Calculate the greatest common divisor of 14 and x.
14
Let t = -5 - -6. What is the highest common factor of t and 11?
1
Let g(r) = 3*r**2 - 4*r. Let q be g(-7). What is the greatest common factor of 25 and q?
25
Let l(f) = f + 4. Let d = -7 - -12. Let p be l(d). Suppose 3*w - 153 = 3*t, -w - 2*t + p = -57. Calculate the greatest common factor of w and 8.
8
Suppose 0 = 5*x + v - 86, 5*x - 116 + 22 = v. Calculate the greatest common factor of x and 45.
9
Suppose 0 = -6*m + 237 - 81. What is the greatest common divisor of m and 156?
26
Let h be ((-46)/(-10) - 1)*15. Suppose -5*f + 36 = -f + 2*u, -10 = -2*f - 5*u. Let p be f*4/(60/9). Calculate the greatest common divisor of p and h.
6
Let v = 33 - 53. Let b = 162 - v. Calculate the greatest common divisor of b and 26.
26
Let u be 4 - -5 - 0/(-1). Let w = u + -3. Calculate the highest common factor of w and 24.
6
Let x be (-4)/(-18) + 258/54. Suppose 6 = -3*r, -5*t + 108 = r - x*r. Let a be t/(-4)*1*-2. Calculate the highest common factor of 15 and a.
5
Suppose 2*k + 15 = 5*j, -5*k - j + 1 = -2. Suppose k = -5*d - 25, s - d - 4 + 3 = 0. Let w = 1 - s. Calculate the highest common divisor of w and 15.
5
Let d = 19 - 14. Calculate the highest common divisor of d and 35.
5
Let h(v) = 29*v + 4. Let s be h(4). Suppose -5*i + s = -3*i. What is the highest common divisor of i and 10?
10
Let g be 4*9*(-22)/(-12). Calculate the greatest common divisor of 12 and g.
6
Let j(w) = -7*w**3 + w**2. Let l be j(-1). Let a be (-2)/l + (-180)/(-16). What is the highest common factor of a and 1?
1
Let z be (-4)/(-4 - (0 - 2)). Let a(u) = -5 + 0*u - z*u + 4*u**2 - 3*u**3 - 10*u**2. Let w be a(-4). What is the highest common divisor of 11 and w?
11
Let n = 496 + -478. Let m be (-6)/7*(-252)/3. What is the highest common factor of n and m?
18
Let y = -39 + 44. Let g be -1 - (-1*41)/1. Calculate the highest common factor of y and g.
5
Let f = 570 + -1246. Let r be f/(-14) - (-2)/(-7). Calculate the greatest common factor of 32 and r.
16
Suppose -98 = -q - 5*o, 4*q + o = 123 + 269. What is the highest common divisor of q and 14?
14
Suppose 5*g - 9 = 6. Let b = 10 - g. Calculate the highest common divisor of b and 56.
7
Let b = -4 + 9. Let t(h) = 5*h**2 + b*h**2 + 3 - 7*h**2 - 4*h. Let v be t(3). Calculate the highest common divisor of v and 12.
6
Suppose 4*h + h = 80. What is the greatest common factor of h and 128?
16
Let j be 4/16 - (-638)/8. Let l(z) = 3*z**3 - 3*z + 2. Let d be l(2). Calculate the greatest common divisor of j and d.
20
Suppose 2*o = -5*t - 0*o + 185, -4*o = 4*t - 148. Suppose 3*v - t = -7. Calculate the highest common factor of 10 and v.
10
Let z = 25 + -14. Suppose 4*h = 5*v + 16, -3*h = 2*h + v - 20. Suppose -5*g - 61 = -h*q, -4 - z = 3*g. What is the greatest common divisor of 36 and q?
9
Suppose -2*c = 3*c. Suppose c*h = 4*h - 96. Calculate the highest common factor of h and 216.
24
Suppose -28 - 20 = -3*v. What is the highest common divisor of v and 128?
16
Let a be 4/18 + 32/18. Calculate the highest common divisor of a and 6.
2
Let h = -115 + 220. Let b be 1/3 